t is the thousands digit of 2031886845?
6
What is the ten millions digit of 212710323?
1
What is the thousands digit of 6052183926?
3
What is the thousands digit of 32821870?
1
What is the tens digit of 155530054?
5
What is the hundred millions digit of 1485593625?
4
What is the tens digit of 74070152?
5
What is the ten thousands digit of 47316293?
1
What is the units digit of 22533979?
9
What is the tens digit of 301124470?
7
What is the hundred millions digit of 3692528211?
6
What is the tens digit of 34717306?
0
What is the hundreds digit of 86740595?
5
What is the thousands digit of 441468867?
8
What is the units digit of 21824868?
8
What is the ten millions digit of 188378977?
8
What is the hundreds digit of 674929015?
0
What is the hundreds digit of 20698768?
7
What is the ten millions digit of 364659008?
6
What is the billions digit of 1752186434?
1
What is the tens digit of 23200406?
0
What is the millions digit of 194872647?
4
What is the millions digit of 18474232?
8
What is the units digit of 1378124611?
1
What is the ten thousands digit of 91145107?
4
What is the units digit of 37571344?
4
What is the millions digit of 36665887?
6
What is the millions digit of 409307872?
9
What is the ten millions digit of 242446498?
4
What is the thousands digit of 1367666455?
6
What is the hundreds digit of 77615269?
2
What is the thousands digit of 4986721109?
1
What is the billions digit of 1097194500?
1
What is the units digit of 18676331?
1
What is the billions digit of 1547422134?
1
What is the hundred thousands digit of 2708834942?
8
What is the tens digit of 156640284?
8
What is the millions digit of 196803028?
6
What is the hundreds digit of 721986835?
8
What is the units digit of 980153216?
6
What is the millions digit of 955489814?
5
What is the hundreds digit of 500694530?
5
What is the units digit of 2771386074?
4
What is the hundreds digit of 409071096?
0
What is the billions digit of 1026209054?
1
What is the thousands digit of 1162132528?
2
What is the millions digit of 47373537?
7
What is the hundred thousands digit of 82915804?
9
What is the thousands digit of 336068948?
8
What is the hundreds digit of 768393709?
7
What is the units digit of 49477928?
8
What is the ten millions digit of 488945801?
8
What is the thousands digit of 913539951?
9
What is the units digit of 263553672?
2
What is the ten thousands digit of 246784383?
8
What is the hundreds digit of 27124344?
3
What is the units digit of 157994037?
7
What is the hundreds digit of 124290759?
7
What is the ten millions digit of 85842295?
8
What is the units digit of 27517433?
3
What is the units digit of 5870123?
3
What is the ten millions digit of 39321417?
3
What is the units digit of 656533209?
9
What is the thousands digit of 479724476?
4
What is the units digit of 8560303?
3
What is the millions digit of 44898117?
4
What is the millions digit of 939410216?
9
What is the hundred millions digit of 2365892492?
3
What is the units digit of 81023054?
4
What is the ten millions digit of 38994267?
3
What is the ten millions digit of 725750247?
2
What is the hundred millions digit of 380241278?
3
What is the tens digit of 42144207?
0
What is the millions digit of 397746503?
7
What is the millions digit of 67128695?
7
What is the hundreds digit of 152474766?
7
What is the units digit of 38641975?
5
What is the units digit of 345868217?
7
What is the hundred thousands digit of 17118981?
1
What is the hundred thousands digit of 7299498?
2
What is the ten millions digit of 686922565?
8
What is the hundred millions digit of 121152754?
1
What is the tens digit of 492682417?
1
What is the hundred thousands digit of 19510620?
5
What is the ten thousands digit of 41834213?
3
What is the ten thousands digit of 187913855?
1
What is the thousands digit of 40573584?
3
What is the hundreds digit of 8088578?
5
What is the hundreds digit of 126349462?
4
What is the hundreds digit of 1351964498?
4
What is the hundred thousands digit of 195968778?
9
What is the ten thousands digit of 24231795?
3
What is the ten millions digit of 95883059?
9
What is the millions digit of 2799840?
2
What is the hundreds digit of 156969303?
3
What is the hundreds digit of 1132354076?
0
What is the hundred millions digit of 360872800?
3
What is the ten thousands digit of 2973552848?
5
What is the units digit of 14351455?
5
What is the thousands digit of 2808912457?
2
What is the thousands digit of 211646365?
6
What is the ten thousands digit of 291627602?
2
What is the hundreds digit of 719840449?
4
What is the ten thousands digit of 3744816498?
1
What is the hundred thousands digit of 229486864?
4
What is the thousands digit of 2294724413?
4
What is the units digit of 744363417?
7
What is the ten millions digit of 75874305?
7
What is the hundreds digit of 421784190?
1
What is the ten millions digit of 198276512?
9
What is the hundreds digit of 159947020?
0
What is the ten millions digit of 282711392?
8
What is the billions digit of 1335137219?
1
What is the thousands digit of 5472226043?
6
What is the ten thousands digit of 191897476?
9
What is the ten thousands digit of 947663633?
6
What is the ten thousands digit of 511350443?
5
What is the ten thousands digit of 83500616?
0
What is the hundreds digit of 349318067?
0
What is the tens digit of 51901377?
7
What is the hundred millions digit of 2362267380?
3
What is the units digit of 472216293?
3
What is the millions digit of 41393731?
1
What is the ten thousands digit of 2871696?
7
What is the ten thousands digit of 17894890?
9
What is the hundreds digit of 154831365?
3
What is the tens digit of 4682724?
2
What is the tens digit of 216325163?
6
What is the ten thousands digit of 2385195?
8
What is the ten millions digit of 10883550?
1
What is the ten thousands digit of 26725608?
2
What is the ten millions digit of 42489222?
4
What is the hundreds digit of 15949382?
3
What is the ten thousands digit of 496548943?
4
What is the ten millions digit of 368504633?
6
What is the units digit of 2140129762?
2
What is the tens digit of 72587994?
9
What is the hundreds digit of 35411038?
0
What is the units digit of 226619014?
4
What is the ten thousands digit of 1682302489?
0
What is the thousands digit of 5906349?
6
What is the units digit of 78174112?
2
What is the thousands digit of 8936097?
6
What is the tens digit of 72452790?
9
What is the ten thousands digit of 259029164?
2
What is the units digit of 4557194940?
0
What is the hundred millions digit of 669873821?
6
What is the units digit of 177695428?
8
What is the ten millions digit of 85107693?
8
What is the ten millions digit of 50084644?
5
What is the units digit of 47993856?
6
What is the millions digit of 55319676?
5
What is the hundreds digit of 681483340?
3
What is the ten millions digit of 3122438880?
2
What is the hundreds digit of 24528123?
1
What is the tens digit of 739948123?
2
What is the hundreds digit of 72769676?
6
What is the ten millions digit of 260337273?
6
What is the thousands digit of 339051305?
1
What is the millions digit of 57248733?
7
What is the hundred thousands digit of 12120772?
1
What is the hundred millions digit of 356066871?
3
What is the hundreds digit of 163660854?
8
What is the ten thousands digit of 185932641?
3
What is the tens digit of 36007460?
6
What is the billions digit of 1290455802?
1
What is the units digit of 8252737?
7
What is the hundred thousands digit of 290559980?
5
What is the tens digit of 60819627?
2
What is the hundred thousands digit of 271518201?
5
What is the hundreds digit of 1549074926?
9
What is the units digit of 165796433?
3
What is the millions digit of 408346068?
8
What is the units digit of 95475815?
5
What is the ten thousands digit of 44679691?
7
What is the hundred millions digit of 222226766?
2
What is the tens digit of 42524007?
0
What is the hundred millions digit of 3597121544?
5
What is the ten millions digit of 53805869?
5
What is the hundreds digit of 1877361160?
1
What is the units digit of 96689137?
7
What is the hundred millions digit of 149365455?
1
What is the ten thousands digit of 1853065254?
6
What is the millions digit of 1204453688?
4
What is the millions digit of 8569024?
8
What is the ten thousands digit of 36875560?
7